
6
What is the thousands digit of 3232?
3
What is the tens digit of 1569?
6
What is the tens digit of 1086?
8
What is the units digit of 2537?
7
What is the tens digit of 165080?
8
What is the tens digit of 416?
1
What is the units digit of 67748?
8
What is the tens digit of 72?
7
What is the thousands digit of 1825?
1
What is the hundreds digit of 2386?
3
What is the tens digit of 4967?
6
What is the ten thousands digit of 43867?
4
What is the tens digit of 87090?
9
What is the hundreds digit of 38461?
4
What is the hundreds digit of 7128?
1
What is the units digit of 1286?
6
What is the thousands digit of 4300?
4
What is the tens digit of 10592?
9
What is the hundreds digit of 573?
5
What is the thousands digit of 80463?
0
What is the hundreds digit of 1113?
1
What is the tens digit of 3898?
9
What is the tens digit of 2990?
9
What is the units digit of 452?
2
What is the tens digit of 26040?
4
What is the hundreds digit of 28340?
3
What is the units digit of 1739?
9
What is the hundreds digit of 108079?
0
What is the units digit of 46584?
4
What is the units digit of 2816?
6
What is the thousands digit of 2139?
2
What is the hundreds digit of 9443?
4
What is the ten thousands digit of 21999?
2
What is the units digit of 1108?
8
What is the ten thousands digit of 39119?
3
What is the tens digit of 1148?
4
What is the thousands digit of 1576?
1
What is the units digit of 4559?
9
What is the units digit of 17?
7
What is the thousands digit of 6129?
6
What is the hundreds digit of 119400?
4
What is the tens digit of 2259?
5
What is the hundreds digit of 1575?
5
What is the tens digit of 21962?
6
What is the thousands digit of 70323?
0
What is the tens digit of 557?
5
What is the hundreds digit of 11483?
4
What is the tens digit of 4612?
1
What is the hundreds digit of 22645?
6
What is the hundreds digit of 18904?
9
What is the thousands digit of 36296?
6
What is the tens digit of 37753?
5
What is the units digit of 134?
4
What is the hundreds digit of 299?
2
What is the thousands digit of 1107?
1
What is the tens digit of 98492?
9
What is the tens digit of 1941?
4
What is the units digit of 41168?
8
What is the ten thousands digit of 35812?
3
What is the units digit of 1815?
5
What is the ten thousands digit of 91631?
9
What is the ten thousands digit of 31374?
3
What is the hundreds digit of 712?
7
What is the hundreds digit of 9589?
5
What is the thousands digit of 6299?
6
What is the tens digit of 4877?
7
What is the tens digit of 1016?
1
What is the tens digit of 3430?
3
What is the units digit of 3157?
7
What is the hundreds digit of 88505?
5
What is the units digit of 3100?
0
What is the tens digit of 1242?
4
What is the thousands digit of 5269?
5
What is the tens digit of 1461?
6
What is the tens digit of 3040?
4
What is the hundreds digit of 16788?
7
What is the hundreds digit of 1448?
4
What is the tens digit of 543?
4
What is the units digit of 2106?
6
What is the units digit of 28007?
7
What is the hundreds digit of 219?
2
What is the tens digit of 64?
6
What is the thousands digit of 71850?
1
What is the thousands digit of 3797?
3
What is the hundreds digit of 109574?
5
What is the units digit of 265?
5
What is the hundreds digit of 1988?
9
What is the tens digit of 1725?
2
What is the ten thousands digit of 127988?
2
What is the tens digit of 276?
7
What is the thousands digit of 1899?
1
What is the thousands digit of 21326?
1
What is the hundreds digit of 5913?
9
What is the units digit of 4465?
5
What is the units digit of 3718?
8
What is the thousands digit of 31459?
1
What is the thousands digit of 1264?
1
What is the hundreds digit of 60041?
0
What is the thousands digit of 3036?
3
What is the units digit of 4484?
4
What is the hundreds digit of 17125?
1
What is the thousands digit of 2222?
2
What is the ten thousands digit of 57874?
5
What is the tens digit of 8273?
7
What is the hundreds digit of 1895?
8
What is the hundreds digit of 1565?
5
What is the thousands digit of 11877?
1
What is the thousands digit of 2496?
2
What is the units digit of 20492?
2
What is the ten thousands digit of 57983?
5
What is the hundreds digit of 42494?
4
What is the tens digit of 2179?
7
What is the hundreds digit of 1731?
7
What is the tens digit of 3141?
4
What is the ten thousands digit of 58489?
5
What is the thousands digit of 1315?
1
What is the hundred thousands digit of 172063?
1
What is the units digit of 6340?
0
What is the units digit of 20413?
3
What is the tens digit of 163?
6
What is the units digit of 170?
0
What is the ten thousands digit of 110640?
1
What is the units digit of 15443?
3
What is the units digit of 1510?
0
What is the units digit of 6809?
9
What is the hundreds digit of 6808?
8
What is the tens digit of 132223?
2
What is the units digit of 3543?
3
What is the hundreds digit of 7228?
2
What is the thousands digit of 8237?
8
What is the units digit of 2516?
6
What is the units digit of 85804?
4
What is the tens digit of 1588?
8
What is the units digit of 2308?
8
What is the units digit of 1024?
4
What is the thousands digit of 6199?
6
What is the thousands digit of 6894?
6
What is the thousands digit of 20417?
0
What is the hundreds digit of 73853?
8
What is the hundreds digit of 33771?
7
What is the thousands digit of 18329?
8
What is the units digit of 386?
6
What is the thousands digit of 5189?
5
What is the tens digit of 185?
8
What is the units digit of 25657?
7
What is the ten thousands digit of 65822?
6
What is the units digit of 2696?
6
What is the units digit of 24235?
5
What is the thousands digit of 80624?
0
What is the thousands digit of 1254?
1
What is the units digit of 48620?
0
What is the tens digit of 39?
3
What is the thousands digit of 4120?
4
What is the units digit of 1280?
0
What is the units digit of 723?
3
What is the ten thousands digit of 39534?
3
What is the thousands digit of 1428?
1
What is the hundreds digit of 25652?
6
What is the tens digit of 63777?
7
What is the thousands digit of 1320?
1
What is the thousands digit of 1135?
1
What is the thousands digit of 5401?
5
What is the tens digit of 4083?
8
What is the tens digit of 4698?
9
What is the units digit of 211?
1
What is the tens digit of 3722?
2
What is the thousands digit of 3879?
3
What is the thousands digit of 29201?
9
What is the thousands digit of 46136?
6
What is the units digit of 2928?
8
What is the thousands digit of 4383?
4
What is the hundreds digit of 31850?
8
What is the thousands digit of 50046?
0
What is the hundreds digit of 1783?
7
What is the hundreds digit of 1218?
2
What is the tens digit of 2816?
1
What is the hundreds digit of 15299?
2
What is the tens digit of 285?
8
What is the tens digit of 1069?
6
What is the thousands digit of 1228?
1
What is the tens digit of 2255?
5
What is the tens digit of 1001?
0
What is the thousands digit of 94902?
4
What is the hundreds digit of 916?
9
What is the hundreds digit of 434?
4
What is the thousands digit of 6157?
6
What is the thousands digit of 4373?
4
What is the units digit of 3204?
4
What is the hundreds digit of 388?
3
What is the tens digit of 641?
4
What is the hundreds digit of 969?
9
What is the tens digit of 2286?
8
What is the hundreds digit of 29839?
8
What is the thousands digit of 1944?
1
What is the hundreds digit of 501?
5
What is the tens digit of 3571?
7
What is the tens digit of 13?
1
What is the hundreds digit of 9115?
1
What is the hundreds digit of 2080?
0
What is the tens digit of 2605?
0
What is the hundreds digit of 7745?
7
What is the ten thousands digit of 23721?
2
What is the thousands digit of 4116?
4
What is the ten thousands digit of 45596?
4
What is the tens digit of 176?
7
What is the units digit of 1762?
2
What is the hundreds digit of 1576?
5
What is the units digit of 715?
5
What is the tens digit of 28156?
5
What is the tens digit of 4845?
4
What is the ten thousands digit of 10692?
1
What is the units digit of 20618?
8
What is the units digit of 1762?
2
What is the units digit of 7857?
7
What is the thousands digit of 29645?
9
What is the hundreds digit of 375?
3
What is the hundreds digit of 9262?
2
What is the tens digit of 1672?
7
What is the thousands digit of 18540?
8
What is the hundreds digit of 1383?
3
What is the 